 greatest common divisor of 8 and 78531876.
4
Calculate the greatest common divisor of 457446 and 1150314.
1914
What is the highest common divisor of 215 and 38098275?
5
What is the highest common divisor of 33 and 561308?
11
What is the greatest common divisor of 108607 and 4154?
67
Calculate the highest common factor of 21336 and 6163818.
762
Calculate the greatest common factor of 18 and 1009686294.
18
What is the greatest common divisor of 371617 and 8?
1
Calculate the greatest common divisor of 113 and 578489.
1
What is the highest common divisor of 18524626 and 54678?
1402
Calculate the highest common divisor of 10 and 187596970.
10
Calculate the greatest common factor of 26179 and 2444.
47
Calculate the highest common factor of 83594 and 490.
98
Calculate the greatest common divisor of 3531 and 288579.
321
Calculate the highest common factor of 824040 and 1110710.
1090
Calculate the highest common factor of 554234742 and 10655.
2131
What is the greatest common factor of 2488 and 4160128?
8
Calculate the highest common factor of 1873 and 16967507.
1873
What is the highest common divisor of 388045350 and 42?
42
What is the greatest common divisor of 1164976 and 3536?
272
Calculate the greatest common divisor of 70095 and 4185.
15
Calculate the greatest common factor of 312 and 369372.
12
Calculate the highest common factor of 41192 and 1336688.
152
Calculate the highest common divisor of 2910827 and 141712.
521
Calculate the greatest common factor of 11150 and 38692730.
2230
What is the highest common factor of 2127786 and 30336?
474
Calculate the greatest common factor of 2613 and 27472211.
871
What is the highest common divisor of 4719601 and 1783?
1783
What is the greatest common divisor of 62612 and 97885324?
5692
Calculate the greatest common divisor of 130801 and 1753147.
517
Calculate the greatest common factor of 595737 and 171939.
111
Calculate the greatest common divisor of 11209233 and 1008.
21
Calculate the highest common divisor of 2266180 and 280.
140
Calculate the greatest common divisor of 140 and 6850732.
28
Calculate the greatest common factor of 14 and 668619.
7
What is the highest common factor of 1801164 and 48?
12
Calculate the highest common divisor of 6030340 and 1219.
53
Calculate the highest common divisor of 7172844 and 1020.
204
Calculate the highest common factor of 90508 and 3390420.
484
What is the highest common divisor of 2391 and 86398785?
2391
Calculate the greatest common divisor of 17206 and 37.
1
Calculate the greatest common divisor of 2608 and 584681.
163
Calculate the greatest common factor of 45919295 and 1235.
95
Calculate the highest common divisor of 13 and 1783199210.
13
Calculate the greatest common divisor of 6 and 39864012.
6
Calculate the highest common factor of 6154 and 525827.
17
What is the greatest common factor of 2690 and 8591322?
538
What is the highest common divisor of 1501 and 1027748?
19
Calculate the greatest common divisor of 2573 and 58823511.
83
What is the highest common factor of 27614169 and 14501?
853
What is the greatest common factor of 194 and 6695134?
194
What is the highest common factor of 38226209 and 13492?
3373
Calculate the highest common factor of 576 and 623151.
9
What is the highest common divisor of 10714083 and 15789?
831
Calculate the greatest common factor of 901975 and 2648.
331
What is the highest common divisor of 1864954 and 224?
14
Calculate the greatest common factor of 5628 and 1319900.
268
Calculate the greatest common factor of 3170 and 15861412.
634
Calculate the highest common factor of 39734048 and 50921.
3917
Calculate the highest common divisor of 2550313 and 209.
19
Calculate the greatest common divisor of 1386084 and 269706.
3414
What is the greatest common factor of 7344 and 12809296?
272
What is the highest common factor of 32 and 50028448?
32
What is the greatest common factor of 1596 and 101914708?
532
Calculate the highest common factor of 44714834 and 62.
62
Calculate the highest common factor of 3393501 and 15893.
691
What is the highest common factor of 20445 and 57333?
87
Calculate the highest common divisor of 252 and 31217004.
252
What is the greatest common factor of 203605 and 9675?
215
What is the highest common divisor of 286 and 1325434?
22
Calculate the greatest common divisor of 18 and 14132619.
9
What is the highest common factor of 108157 and 791?
7
What is the greatest common divisor of 21674661 and 13533?
1041
What is the greatest common factor of 7653597 and 60977?
1967
Calculate the highest common divisor of 2 and 3127087.
1
What is the highest common divisor of 8789 and 269093?
187
Calculate the greatest common factor of 7419 and 40935569.
2473
Calculate the greatest common factor of 22 and 141789406.
22
Calculate the highest common divisor of 4500 and 140220.
180
Calculate the greatest common divisor of 19138 and 59668.
14
What is the greatest common factor of 111346463 and 2227?
131
What is the highest common divisor of 12 and 259086756?
12
What is the greatest common factor of 215972 and 324?
4
Calculate the greatest common divisor of 30628 and 57959956.
2356
Calculate the greatest common divisor of 604 and 1289691.
151
What is the highest common divisor of 49145305 and 1463?
209
Calculate the highest common divisor of 1967112 and 173691.
189
What is the highest common factor of 102239993 and 53157?
1363
Calculate the greatest common factor of 1413 and 235986543.
1413
Calculate the greatest common factor of 206 and 4679774306.
206
Calculate the greatest common factor of 5862051 and 91143.
2223
What is the greatest common factor of 9246 and 688068?
138
Calculate the highest common factor of 26609 and 480315.
451
Calculate the greatest common factor of 136 and 572611.
17
Calculate the highest common divisor of 26406 and 274428.
162
Calculate the highest common factor of 102 and 68415.
3
What is the greatest common factor of 18570793 and 81368?
1453
Calculate the greatest common divisor of 21826614 and 4309.
139
Calculate the greatest common divisor of 11011541 and 124.
31
What is the highest common factor of 2265 and 88710?
15
Calculate the greatest common divisor of 18331665 and 1265.
55
Calculate the highest common divisor of 3843 and 48009501.
549
What is the highest common factor of 4525005 and 5310?
885
Calculate the greatest common divisor of 30310 and 419690.
10
Calculate the highest common factor of 45081 and 4143.
3
What is the greatest common divisor of 6347043 and 33984?
531
What is the greatest common divisor of 417 and 1623242?
139
Calculate the greatest common factor of 5769 and 55850971.
641
What is the greatest common divisor of 39438216 and 162?
18
Calculate the highest common factor of 105183816 and 42552.
4728
Calculate the greatest common divisor of 6153898 and 126242.
1598
What is the greatest common divisor of 81834 and 230832366?
3558
What is the highest common factor of 113244 and 66?
6
What is the highest common factor of 8303 and 62616856?
437
What is the highest common divisor of 194068380 and 660?
660
What is the highest common factor of 142268 and 58?
2
What is the highest common factor of 12896227 and 38056?
4757
Calculate the highest common factor of 14221466 and 3430.
686
Calculate the greatest common divisor of 2853351 and 7298175.
9417
What is the greatest common factor of 132 and 7483190?
22
What is the greatest common factor of 105258258 and 6210?
1242
What is the highest common divisor of 5029 and 2586299033?
5029
What is the greatest common factor of 2337 and 9565341?
2337
What is the highest common divisor of 1972854810 and 7380?
3690
Calculate the highest common factor of 1372729 and 188.
47
Calculate the highest common factor of 234793 and 6877.
13
Calculate the greatest common factor of 164 and 111668.
4
What is the highest common factor of 1476426 and 189?
21
What is the highest common divisor of 652 and 173293124?
652
Calculate the greatest common factor of 1955 and 281819.
23
What is the greatest common factor of 1825 and 32206067?
73
What is the highest common factor of 2455957 and 287?
7
What is the highest common divisor of 19432 and 25413239?
347
Calculate the highest common divisor of 6561009 and 4914.
819
Calculate the greatest common factor of 146 and 2731